ivided by 171.
141
What is the remainder when 929 is divided by 919?
10
What is the remainder when 2103 is divided by 1133?
970
What is the remainder when 22467 is divided by 11233?
1
Calculate the remainder when 311992 is divided by 251.
250
Calculate the remainder when 608 is divided by 174.
86
Calculate the remainder when 4702 is divided by 275.
27
What is the remainder when 2572 is divided by 489?
127
Calculate the remainder when 124435 is divided by 47.
26
Calculate the remainder when 37270 is divided by 4139.
19
Calculate the remainder when 84692 is divided by 21173.
0
What is the remainder when 55395 is divided by 589?
29
What is the remainder when 67603 is divided by 72?
67
Calculate the remainder when 5923 is divided by 169.
8
Calculate the remainder when 36 is divided by 11.
3
Calculate the remainder when 31690 is divided by 38.
36
Calculate the remainder when 6935205 is divided by 21.
18
What is the remainder when 39392 is divided by 75?
17
Calculate the remainder when 33715 is divided by 118.
85
Calculate the remainder when 111526 is divided by 3597.
19
What is the remainder when 129126 is divided by 15?
6
What is the remainder when 557163 is divided by 391?
379
What is the remainder when 202560 is divided by 213?
210
What is the remainder when 12354 is divided by 275?
254
Calculate the remainder when 106218 is divided by 263.
229
Calculate the remainder when 127665 is divided by 34.
29
Calculate the remainder when 2538 is divided by 432.
378
What is the remainder when 3015 is divided by 24?
15
What is the remainder when 1011747 is divided by 375?
372
What is the remainder when 945 is divided by 146?
69
What is the remainder when 69192 is divided by 23050?
42
What is the remainder when 6308370 is divided by 1464?
1458
What is the remainder when 967 is divided by 51?
49
Calculate the remainder when 53583 is divided by 28.
19
What is the remainder when 237228 is divided by 14?
12
What is the remainder when 7603 is divided by 7584?
19
Calculate the remainder when 16495873 is divided by 45.
43
What is the remainder when 5697 is divided by 2846?
5
What is the remainder when 1768062 is divided by 589353?
3
Calculate the remainder when 795 is divided by 134.
125
Calculate the remainder when 62180 is divided by 1943.
4
What is the remainder when 29801 is divided by 47?
3
What is the remainder when 237690 is divided by 2972?
2902
Calculate the remainder when 5669 is divided by 1840.
149
Calculate the remainder when 64455 is divided by 1023.
6
What is the remainder when 52425 is divided by 109?
105
What is the remainder when 197317 is divided by 15?
7
Calculate the remainder when 36327 is divided by 340.
287
Calculate the remainder when 626776 is divided by 65.
46
Calculate the remainder when 15173 is divided by 7452.
269
Calculate the remainder when 144153 is divided by 4004.
9
What is the remainder when 70502 is divided by 104?
94
Calculate the remainder when 907312 is divided by 222.
220
What is the remainder when 423914 is divided by 52989?
2
Calculate the remainder when 19699 is divided by 600.
499
Calculate the remainder when 43091 is divided by 484.
15
Calculate the remainder when 12671 is divided by 2110.
11
Calculate the remainder when 79370 is divided by 21.
11
What is the remainder when 342222 is divided by 22814?
12
What is the remainder when 81884 is divided by 309?
308
What is the remainder when 54269 is divided by 85?
39
What is the remainder when 18637 is divided by 9220?
197
What is the remainder when 25353 is divided by 22?
9
What is the remainder when 2090 is divided by 670?
80
Calculate the remainder when 2468 is divided by 217.
81
Calculate the remainder when 22130 is divided by 340.
30
Calculate the remainder when 40890 is divided by 8174.
20
What is the remainder when 15510 is divided by 15494?
16
Calculate the remainder when 24449 is divided by 342.
167
What is the remainder when 944 is divided by 543?
401
What is the remainder when 8311 is divided by 30?
1
What is the remainder when 149301 is divided by 4?
1
What is the remainder when 175575 is divided by 235?
30
What is the remainder when 157532 is divided by 694?
688
What is the remainder when 77337 is divided by 30?
27
What is the remainder when 166334 is divided by 23?
21
What is the remainder when 56718 is divided by 788?
770
Calculate the remainder when 57845 is divided by 512.
501
What is the remainder when 2088335 is divided by 1252?
1251
What is the remainder when 2522 is divided by 90?
2
Calculate the remainder when 8898 is divided by 777.
351
Calculate the remainder when 11123 is divided by 2.
1
Calculate the remainder when 117463 is divided by 12.
7
What is the remainder when 246601 is divided by 106?
45
Calculate the remainder when 136067 is divided by 45355.
2
Calculate the remainder when 7487 is divided by 274.
89
Calculate the remainder when 959 is divided by 370.
219
Calculate the remainder when 45098 is divided by 22462.
174
What is the remainder when 3284 is divided by 3?
2
What is the remainder when 14656 is divided by 181?
176
Calculate the remainder when 21620 is divided by 408.
404
What is the remainder when 2326 is divided by 721?
163
Calculate the remainder when 652391 is divided by 274.
271
Calculate the remainder when 13794 is divided by 691.
665
What is the remainder when 6631 is divided by 6570?
61
What is the remainder when 12752 is divided by 6370?
12
Calculate the remainder when 6973 is divided by 38.
19
Calculate the remainder when 17429 is divided by 342.
329
What is the remainder when 18294 is divided by 1223?
1172
What is the remainder when 38191 is divided by 135?
121
What is the remainder when 345087 is divided by 3195?
27
Calculate the remainder when 3919 is divided by 433.
22
What is the remainder when 5429 is divided by 28?
25
Calculate the remainder when 1387174 is divided by 161.
159
What is the remainder when 5946 is divided by 165?
6
Calculate the remainder when 1452223 is divided by 16.
15
What is the remainder when 227836 is divided by 1415?
21
What is the remainder when 5788 is divided by 541?
378
What is the remainder when 13495 is divided by 540?
535
What is the remainder when 271637 is divided by 109?
9
Calculate the remainder when 3278 is divided by 423.
317
Calculate the remainder when 17228 is divided by 1224.
92
Calculate the remainder when 802408 is divided by 10.
8
What is the remainder when 370066 is divided by 565?
556
Calculate the remainder when 60816 is divided by 3378.
12
What is the remainder when 536837 is divided by 2097?
5
What is the remainder when 418132 is divided by 13488?
4
Calculate the remainder when 32782 is divided by 2184.
22
Calculate the remainder when 7629 is divided by 1089.
6
Calculate the remainder when 151008 is divided by 176.
0
What is the remainder when 1686 is divided by 36?
30
What is the remainder when 841 is divided by 47?
42
Calculate the remainder when 11853 is divided by 152.
149
What is the remainder when 18183 is divided by 72?
39
Calculate the remainder when 26137 is divided by 204.
25
What is the remainder when 514 is divided by 5?
4
Calculate the remainder when 770 is divided by 46.
34
What is the remainder when 244329 is divided by 81443?
0
Calculate the remainder when 18372 is divided by 298.
194
What is the remainder when 393308 is divided by 10?
8
What is the remainder when 14920 is divided by 7460?
0
What is the remainder when 2949 is divided by 929?
162
What is the remainder when 35852 is divided by 323?
322
What is the remainder when 1475 is divided by 128?
67
Calculate the remainder when 70010 is divided by 307.
14
What is the remainder when 357 is divided by 220?
137
Calculate the remainder when 3644 is divided by 364.
4
What is the remainder when 2269 is divided by 454?
453
Calculate the remainder when 1702 is divided by 85.
2
Calculate the remainder when 15563 is divided by 220.
163
What is the remainder when 53741 is divided by 1414?
9
Calculate the remainder when 7260 is divided by 1356.
480
What is the remainder when 19536 is divided by 1506?
1464
Calculate the remainder when 235137 is divided by 117563.
11
Calculate the remainder when 1466819 is divided by 145.
144
Calculate the remainder when 16286 is divided by 2710.
26
Calculate the remainder when